 by 10.
9
Suppose 5*y + 704 = 3*k - k, y - 1430 = -4*k. Let r = -317 + k. What is the remainder when 144 is divided by r?
24
Let s = -7 - -1. Suppose 11 = 2*p - 13. What is the remainder when ((-2448)/(-216))/(((-4)/s)/2) is divided by p?
10
Suppose 7*h + 16 = -2*u + 3*h, 5*h = 10. Let b = -8 - u. What is the remainder when 20 is divided by (b/(-3))/((-11)/99)?
8
Let u(p) = -3*p + 40. Suppose 0 = 5*g - 15 - 30. What is the remainder when 23 is divided by u(g)?
10
Let p = -40010 - -40142. Calculate the remainder when 470 is divided by p.
74
Let t(p) = -p**2 - 14*p - 18. Let w be t(-15). Suppose -a + 2 = -2*u - 129, -408 = -3*a + u. Calculate the remainder when a is divided by 0 + (3 - 1 - w).
32
Suppose -1132 = -49*q + 4699. What is the remainder when 1416 is divided by q?
107
Let w be 6/(4 + 3 - 5). Suppose t - 4*k - 42 = -w*k, t - 57 = -2*k. Suppose -j = c - t, 2*j + c = 4*j - 91. Calculate the remainder when 135 is divided by j.
43
Let j = -5084 - -5153. What is the remainder when 550 is divided by j?
67
Calculate the remainder when 8607 is divided by (-14 + 7/1)*(-1)/((-5)/(-25)).
32
Let z = -5 - -9. Suppose 0*k + 56 = z*k. Calculate the remainder when 3 - 49*(4 + -6)*3/6 is divided by k.
10
Suppose -508 = -4*h - 5*b + 485, -4*h - 3*b = -999. Let u(p) = 11*p - 6. Let y be u(8). Suppose h = 85*a - y*a. Calculate the remainder when a is divided by 30.
24
Let x be 10/80 - (-670)/16. Suppose 6*i - x = 84. Calculate the remainder when i is divided by 8.
5
Suppose -n = 15 - 4. Let m be 4 + 0 + (-341)/n. Let x = m + -29. What is the remainder when 17 is divided by x?
5
Suppose 0 = -2*r + 5*s - 13, -7 = r - 4*s + 7. Let g(t) = -3*t + 12. Let h = 228 - 225. What is the remainder when r is divided by g(h)?
0
Let t = 53 - -5. Let d be (5/((-15)/(-4)))/((-22)/(-825)). Suppose 7*w - 55 = d. Calculate the remainder when t is divided by w.
13
Calculate the remainder when 787 is divided by (0 - 3)*(55 + (-1246)/21).
7
Let f(i) = i**3 + i - 8. Let z be f(2). Calculate the remainder when 243 is divided by -122*z/((-16)/4).
60
Let p(a) = a**3 + a**2 + 6*a + 6. Let h(m) = -m**3 - 4*m**2 + 3*m + 14. What is the remainder when p(5) is divided by h(-5)?
18
Let k = 426 + -407. Suppose 0 = -k*b + 447 + 921. What is the remainder when b is divided by 22?
6
Let q = -3245 + 3415. What is the remainder when q is divided by (-5 + 1)/(2/(-22))?
38
Let o(t) = 28*t + 54. Let v be o(6). Suppose -214*f - 1120 = -v*f. Calculate the remainder when f is divided by 55.
30
Suppose a - 52 = -5*q + 155, 1091 = 5*a - 3*q. Let r = -167 + a. Calculate the remainder when r is divided by 11.
6
Suppose -26*f + 27*f - 2*c = 96, -411 = -4*f - c. What is the remainder when 493 is divided by f?
85
Let w be -4*1 - 6/12*-18. Suppose -4*l = -w*v - 193, v + 0*v - 163 = -4*l. Calculate the remainder when 76 is divided by l.
34
Suppose 0 = 3*m - 3*b - 84, 4*b + 30 = 5*m - 106. Suppose -5*j + 0*i + 2*i = -m, 4*i + 16 = 2*j. What is the remainder when 7 is divided by j?
3
Let y be 31 + (10 + -5 - 3). Suppose y*u = -1314 + 4383. Calculate the remainder when u is divided by 47.
46
Let s(x) = 3*x + 43. Let p be s(-12). Let h(q) = -q**3 + 6*q**2 + 11*q - 8. Calculate the remainder when h(p) is divided by 13.
7
Suppose 2634 + 1786 = 17*s - 0*s. Calculate the remainder when s is divided by 132.
128
Suppose -5*i = 2*k - 126, 10*k + 3*i = 8*k + 126. Calculate the remainder when 1005 is divided by k.
60
Let o = 4603 - 4182. Calculate the remainder when o is divided by 39.
31
What is the remainder when 7/(10/1120*14) is divided by 40?
16
Let f(y) = -y**3 + 14*y**2 + 3*y - 17. Let i(x) = 15*x**2 - 5*x + 4. Let v be i(1). What is the remainder when 72 is divided by f(v)?
22
Let m(b) = 21*b + 99 + 5*b**2 - 16*b - 61. Calculate the remainder when m(6) is divided by 42.
38
Suppose -m - 18 + 21 = 0. Suppose -t + m*t + 18 = 4*a, -3*t = -4*a + 19. Calculate the remainder when a is divided by 1.
0
Suppose 0 = -1807*s + 1829*s - 4884. Calculate the remainder when s is divided by 56.
54
Let b = -77 - -101. Let z = 318 + -288. What is the remainder when z is divided by b?
6
Let o = 243 - 243. Suppose 5*v = 3*v - 2*m + 70, o = 2*v - 2*m - 78. Calculate the remainder when v is divided by 26.
11
Let b be 3*(50*1 - 12/36). Suppose -21*o = b - 548. Calculate the remainder when 185 is divided by o.
14
Let h(c) = -25*c - 1119. Calculate the remainder when 8*7 + 0/13 is divided by h(-45).
2
Suppose -406 = -9*f + 2*f. What is the remainder when 521 is divided by f?
57
Suppose -12*j = -29*j - 16*j + 9636. Calculate the remainder when j is divided by 116.
60
Suppose i - 81 = -5*q, -6*q + 317 = 5*i - 3*q. What is the remainder when i is divided by (-1)/((-10)/(-155)*(-21)/42)?
30
Calculate the remainder when 389 is divided by (-16 + -140)/12 - -33.
9
Let q(z) = -16*z**3 - 4*z**2 - 5*z - 5. Let s be 1*((-16)/9 + 2/(-9)). Calculate the remainder when q(s) is divided by 10.
7
Let d = -837 - -830. What is the remainder when 366 + d + -1 + (-1 - 0) is divided by 36?
33
Suppose 5*p + 67 = 4*o, 0 = 4*p - 9*p + o - 73. Let k(l) = 7*l**2 + 117*l - 22. Calculate the remainder when p/(-20) - (-173)/4 is divided by k(-17).
8
Let u = 660 + -654. Calculate the remainder when (-4)/(-22) - (4472/(-88) - u) is divided by 36.
21
Let u(h) = -6*h - 1. Let a be u(-1). Suppose a = v - 15. Let k(p) = 57*p**2 + 153*p - 155. Calculate the remainder when k(1) is divided by v.
15
Suppose 0 = -77*f + 151*f - 1776. What is the remainder when 49 is divided by f?
1
Let l = -70 - -252. Suppose 3*p = -2*t - 3*t + 310, -3*t + l = p. Suppose 252 = -50*b + 12002. Calculate the remainder when b is divided by t.
58
What is the remainder when 1403080/2100 + 2/(-15) is divided by 319?
30
Let i(j) = j**2 - 10*j + 2. What is the remainder when (84/(-56))/(1 + 1394/(-1388)) is divided by i(14)?
57
Let y = 35 + -31. Suppose 0 = -y*b - 4*j + 152, 3*j - 169 + 21 = -4*b. What is the remainder when b is divided by 0 + 6 - 1/(-1)?
6
Let m(w) = w**3 - 41*w**2 + 26*w + 644. Calculate the remainder when m(40) is divided by 3.
0
Suppose -259*l + 256*l + 492 = 0. What is the remainder when 473 is divided by l?
145
Let b be (-352)/(-2) + (-4 - 1 - -4). Suppose -5*s - a + b = 0, 0 = 4*a - 9 - 11. Calculate the remainder when 179 is divided by s.
9
Suppose 10*h - 5*h - 3*t = 163, -92 = -3*h - 4*t. Suppose 0 = 13*q - h - 7. Suppose 0 = -12*d + q*d + 864. Calculate the remainder when d is divided by 25.
21
Let h = -5151 + 5208. What is the remainder when 3020 is divided by h?
56
Suppose 3*l + l = 3*w - 11729, -3*l - 15 = 0. Suppose 14*u - 1249 = w. Calculate the remainder when u is divided by 37.
35
Let o = 2440 + -2215. Calculate the remainder when 226 is divided by o.
1
Let n be (55 - -1) + (-1)/(-1). Suppose -2*q - 3*o = -n, 16 + 9 = 5*o. Suppose 51 = q*x - 18*x. Calculate the remainder when 65 is divided by x.
14
Calculate the remainder when 3639 is divided by ((-22)/55)/((-5)/22725).
3
Let y(p) = 1135 - 1177 + 3*p**3 - 5*p - 4*p**3 - 35*p**2. Calculate the remainder when y(-35) is divided by 8.
5
Suppose -1300*b + 104 = -1296*b. What is the remainder when 281 is divided by b?
21
Suppose r + 196 = -13*r. What is the remainder when 57 is divided by 4 + ((-30)/5 - r)?
9
Let r(h) = -h**2 + 40*h - 101. Let d be r(27). Let w = d - 131. Calculate the remainder when w is divided by 50.
19
Suppose 62*l = -73*l + 4995. Calculate the remainder when l is divided by 16.
5
Let f(d) = 36*d**2 + 3*d - 1. Let m be f(-2). Let u = m + -95. Calculate the remainder when 115 is divided by u.
31
What is the remainder when (-7)/(2 + -3)*96/14*5 is divided by 67?
39
Suppose -13*d + 1116 = -900 + 105. Calculate the remainder when d is divided by 72.
3
Let t(g) = 215*g - 2483. What is the remainder when t(13) is divided by 21?
18
Let l(o) = o**2 - o + 5. Let h be l(0). Suppose -4*w + w + 4*r + 4 = 0, 0 = 2*w - r - 11. Calculate the remainder when (32/h)/(w/100) is divided by 21.
17
Suppose -31*i = -35*i + 2004. Let y = 532 - i. What is the remainder when 587 is divided by y?
29
Suppose 0 = -4*n, 0 = -9*l + 10*l + 4*n - 8. Calculate the remainder when 357 is divided by l.
5
Suppose -5*i = 2*q - 6*i - 2, 0 = -4*q + 5*i - 2. Suppose -h - 2*u - 7 = -0*h, 0 = -4*h + u + 8. Calculate the remainder when q is divid